{"id":21558,"date":"2015-04-12T22:54:06","date_gmt":"2015-04-12T21:54:06","guid":{"rendered":"http:\/\/blogs.bl0rg.net\/imaginos\/?page_id=21558"},"modified":"2020-04-24T05:48:54","modified_gmt":"2020-04-24T04:48:54","slug":"mentions-legales","status":"publish","type":"page","link":"https:\/\/blogs.bl0rg.net\/imaginos\/mentions-legales\/","title":{"rendered":"Mentions l\u00e9gales"},"content":{"rendered":"<p style=\"text-align: justify;\"><a href=\"http:\/\/creativecommons.org\/licenses\/by-nc-sa\/4.0\/\"><img decoding=\"async\" style=\"border-width: 0;\" src=\"https:\/\/i.creativecommons.org\/l\/by-nc-sa\/4.0\/88x31.png\" alt=\"Licence Creative Commons\"><\/a><br>\nLes <strong>textes<\/strong> publi\u00e9s sur ce blog le sont selon les termes de la <a href=\"http:\/\/creativecommons.org\/licenses\/by-nc-sa\/4.0\/\">Licence Creative Commons Attribution &#8211; Pas d&rsquo;Utilisation Commerciale &#8211; Partage dans les M\u00eames Conditions 4.0 International<\/a> (dont la version fran\u00e7aise <a href=\"http:\/\/creativecommons.org\/licenses\/by-nc-sa\/4.0\/deed.fr\">est consultable ici)<\/a>.<\/p>\n<p style=\"text-align: justify;\">Par contre et sauf mention contraire, les droits des <strong>images, sons et vid\u00e9os<\/strong> publi\u00e9s sur ce blog sont r\u00e9serv\u00e9s.<\/p>\n\n\n<p class=\"justifier\"><em>(allez \u00e7a suffit, y en a marre des dizaines de tentatives de spam  sur cette page, j\u2019en ferme les commentaires ; vous me contacterez  ailleurs si vous avez quelque chose \u00e0 me dire)<\/em><\/p>\n","protected":false},"excerpt":{"rendered":"<p>Les textes publi\u00e9s sur ce blog le sont selon les termes de la Licence Creative Commons Attribution &#8211; Pas d&rsquo;Utilisation Commerciale &#8211; Partage dans les M\u00eames Conditions 4.0 International (dont la version fran\u00e7aise est consultable ici). Par contre et sauf &hellip; <a href=\"https:\/\/blogs.bl0rg.net\/imaginos\/mentions-legales\/\">Continuer la lecture <span class=\"meta-nav\">&rarr;<\/span><\/a><\/p>\n","protected":false},"author":1,"featured_media":0,"parent":0,"menu_order":0,"comment_status":"closed","ping_status":"open","template":"","meta":{"footnotes":""},"_links":{"self":[{"href":"https:\/\/blogs.bl0rg.net\/imaginos\/wp-json\/wp\/v2\/pages\/21558"}],"collection":[{"href":"https:\/\/blogs.bl0rg.net\/imaginos\/wp-json\/wp\/v2\/pages"}],"about":[{"href":"https:\/\/blogs.bl0rg.net\/imaginos\/wp-json\/wp\/v2\/types\/page"}],"author":[{"embeddable":true,"href":"https:\/\/blogs.bl0rg.net\/imaginos\/wp-json\/wp\/v2\/users\/1"}],"replies":[{"embeddable":true,"href":"https:\/\/blogs.bl0rg.net\/imaginos\/wp-json\/wp\/v2\/comments?post=21558"}],"version-history":[{"count":5,"href":"https:\/\/blogs.bl0rg.net\/imaginos\/wp-json\/wp\/v2\/pages\/21558\/revisions"}],"predecessor-version":[{"id":32120,"href":"https:\/\/blogs.bl0rg.net\/imaginos\/wp-json\/wp\/v2\/pages\/21558\/revisions\/32120"}],"wp:attachment":[{"href":"https:\/\/blogs.bl0rg.net\/imaginos\/wp-json\/wp\/v2\/media?parent=21558"}],"curies":[{"name":"wp","href":"https:\/\/api.w.org\/{rel}","templated":true}]}}